{"id":34,"date":"2023-06-28T12:30:21","date_gmt":"2023-06-28T10:30:21","guid":{"rendered":"https:\/\/monaideinformatique.fr\/curios\/?page_id=34"},"modified":"2023-11-30T18:55:30","modified_gmt":"2023-11-30T17:55:30","slug":"a-propos-de-michel-aveline","status":"publish","type":"page","link":"https:\/\/monaideinformatique.fr\/curios\/a-propos-de-michel-aveline\/","title":{"rendered":"\u00c0 propos"},"content":{"rendered":"\t\t<div data-elementor-type=\"wp-page\" data-elementor-id=\"34\" class=\"elementor elementor-34\">\n\t\t\t\t\t\t\t<div class=\"elementor-element elementor-element-94ca816 e-con-full e-flex wpr-particle-no wpr-jarallax-no wpr-parallax-no wpr-sticky-section-no e-con e-parent\" data-id=\"94ca816\" data-element_type=\"container\" data-settings=\"{&quot;content_width&quot;:&quot;full&quot;}\" data-core-v316-plus=\"true\">\n\t\t<div class=\"elementor-element elementor-element-b7f6bc8 e-flex e-con-boxed wpr-particle-no wpr-jarallax-no wpr-parallax-no wpr-sticky-section-no e-con e-child\" data-id=\"b7f6bc8\" data-element_type=\"container\" data-settings=\"{&quot;content_width&quot;:&quot;boxed&quot;}\">\n\t\t\t\t\t<div class=\"e-con-inner\">\n\t\t\t\t<div class=\"elementor-element elementor-element-a3db865 elementor-widget elementor-widget-image\" data-id=\"a3db865\" data-element_type=\"widget\" data-widget_type=\"image.default\">\n\t\t\t\t<div class=\"elementor-widget-container\">\n\t\t\t<style>\/*! elementor - v3.16.0 - 09-10-2023 *\/\n.elementor-widget-image{text-align:center}.elementor-widget-image a{display:inline-block}.elementor-widget-image a img[src$=\".svg\"]{width:48px}.elementor-widget-image img{vertical-align:middle;display:inline-block}<\/style>\t\t\t\t\t\t\t\t\t\t\t\t<img loading=\"lazy\" decoding=\"async\" width=\"683\" height=\"800\" src=\"https:\/\/monaideinformatique.fr\/curios\/wp-content\/uploads\/2023\/09\/michel-aveline.jpg\" class=\"attachment-medium_large size-medium_large wp-image-1953\" alt=\"Portrait de Michel Aveline avec un dessin de l&#039;artiste Mrabet.\" srcset=\"https:\/\/monaideinformatique.fr\/curios\/wp-content\/uploads\/2023\/09\/michel-aveline.jpg 683w, https:\/\/monaideinformatique.fr\/curios\/wp-content\/uploads\/2023\/09\/michel-aveline-500x586.jpg 500w\" sizes=\"auto, (max-width: 683px) 100vw, 683px\" \/>\t\t\t\t\t\t\t\t\t\t\t\t\t\t\t<\/div>\n\t\t\t\t<\/div>\n\t\t<div class=\"elementor-element elementor-element-898f0e6 e-flex e-con-boxed wpr-particle-no wpr-jarallax-no wpr-parallax-no wpr-sticky-section-no e-con e-child\" data-id=\"898f0e6\" data-element_type=\"container\" data-settings=\"{&quot;content_width&quot;:&quot;boxed&quot;}\">\n\t\t\t\t\t<div class=\"e-con-inner\">\n\t\t\t\t<div class=\"elementor-element elementor-element-6c1a670 elementor-widget elementor-widget-heading\" data-id=\"6c1a670\" data-element_type=\"widget\" data-widget_type=\"heading.default\">\n\t\t\t\t<div class=\"elementor-widget-container\">\n\t\t\t<style>\/*! elementor - v3.16.0 - 09-10-2023 *\/\n.elementor-heading-title{padding:0;margin:0;line-height:1}.elementor-widget-heading .elementor-heading-title[class*=elementor-size-]>a{color:inherit;font-size:inherit;line-height:inherit}.elementor-widget-heading .elementor-heading-title.elementor-size-small{font-size:15px}.elementor-widget-heading .elementor-heading-title.elementor-size-medium{font-size:19px}.elementor-widget-heading .elementor-heading-title.elementor-size-large{font-size:29px}.elementor-widget-heading .elementor-heading-title.elementor-size-xl{font-size:39px}.elementor-widget-heading .elementor-heading-title.elementor-size-xxl{font-size:59px}<\/style><h2 class=\"elementor-heading-title elementor-size-default\">Michel Aveline<\/h2>\t\t<\/div>\n\t\t\t\t<\/div>\n\t\t\t\t\t<\/div>\n\t\t\t\t<\/div>\n\t\t\t\t\t<\/div>\n\t\t\t\t<\/div>\n\t\t<div class=\"elementor-element elementor-element-acd5c85 e-flex e-con-boxed wpr-particle-no wpr-jarallax-no wpr-parallax-no wpr-sticky-section-no e-con e-child\" data-id=\"acd5c85\" data-element_type=\"container\" data-settings=\"{&quot;content_width&quot;:&quot;boxed&quot;}\">\n\t\t\t\t\t<div class=\"e-con-inner\">\n\t\t\t\t<div class=\"elementor-element elementor-element-7dac844 elementor-widget elementor-widget-heading\" data-id=\"7dac844\" data-element_type=\"widget\" data-widget_type=\"heading.default\">\n\t\t\t\t<div class=\"elementor-widget-container\">\n\t\t\t<h1 class=\"elementor-heading-title elementor-size-default\">Verbatim <br> d'une passion<\/h1>\t\t<\/div>\n\t\t\t\t<\/div>\n\t\t\t\t<div class=\"elementor-element elementor-element-c72d954 elementor-widget elementor-widget-spacer\" data-id=\"c72d954\" data-element_type=\"widget\" data-widget_type=\"spacer.default\">\n\t\t\t\t<div class=\"elementor-widget-container\">\n\t\t\t<style>\/*! elementor - v3.16.0 - 09-10-2023 *\/\n.elementor-column .elementor-spacer-inner{height:var(--spacer-size)}.e-con{--container-widget-width:100%}.e-con-inner>.elementor-widget-spacer,.e-con>.elementor-widget-spacer{width:var(--container-widget-width,var(--spacer-size));--align-self:var(--container-widget-align-self,initial);--flex-shrink:0}.e-con-inner>.elementor-widget-spacer>.elementor-widget-container,.e-con>.elementor-widget-spacer>.elementor-widget-container{height:100%;width:100%}.e-con-inner>.elementor-widget-spacer>.elementor-widget-container>.elementor-spacer,.e-con>.elementor-widget-spacer>.elementor-widget-container>.elementor-spacer{height:100%}.e-con-inner>.elementor-widget-spacer>.elementor-widget-container>.elementor-spacer>.elementor-spacer-inner,.e-con>.elementor-widget-spacer>.elementor-widget-container>.elementor-spacer>.elementor-spacer-inner{height:var(--container-widget-height,var(--spacer-size))}.e-con-inner>.elementor-widget-spacer.elementor-widget-empty,.e-con>.elementor-widget-spacer.elementor-widget-empty{position:relative;min-height:22px;min-width:22px}.e-con-inner>.elementor-widget-spacer.elementor-widget-empty .elementor-widget-empty-icon,.e-con>.elementor-widget-spacer.elementor-widget-empty .elementor-widget-empty-icon{position:absolute;top:0;bottom:0;left:0;right:0;margin:auto;padding:0;width:22px;height:22px}<\/style>\t\t<div class=\"elementor-spacer\">\n\t\t\t<div class=\"elementor-spacer-inner\"><\/div>\n\t\t<\/div>\n\t\t\t\t<\/div>\n\t\t\t\t<\/div>\n\t\t\t\t<div class=\"elementor-element elementor-element-7505e28 elementor-widget elementor-widget-text-editor\" data-id=\"7505e28\" data-element_type=\"widget\" data-widget_type=\"text-editor.default\">\n\t\t\t\t<div class=\"elementor-widget-container\">\n\t\t\t<style>\/*! elementor - v3.16.0 - 09-10-2023 *\/\n.elementor-widget-text-editor.elementor-drop-cap-view-stacked .elementor-drop-cap{background-color:#69727d;color:#fff}.elementor-widget-text-editor.elementor-drop-cap-view-framed .elementor-drop-cap{color:#69727d;border:3px solid;background-color:transparent}.elementor-widget-text-editor:not(.elementor-drop-cap-view-default) .elementor-drop-cap{margin-top:8px}.elementor-widget-text-editor:not(.elementor-drop-cap-view-default) .elementor-drop-cap-letter{width:1em;height:1em}.elementor-widget-text-editor .elementor-drop-cap{float:left;text-align:center;line-height:1;font-size:50px}.elementor-widget-text-editor .elementor-drop-cap-letter{display:inline-block}<\/style>\t\t\t\t<p class=\"p1\">N\u00e9 dans une famille o\u00f9 la Culture et le Voyage comptaient plus que l\u2019argent. J\u2019ai v\u00e9cu enfant en Allemagne, mon adolescence au Maroc et ma vie \u00e9tudiante \u00e0 Paris. Apr\u00e8s avoir cr\u00e9\u00e9 \u00e0 24 ans ma premi\u00e8re entreprise de Conseil en communication \u00e0 Marseille. Mon agence se d\u00e9veloppe ensuite dans les huit principales capitales r\u00e9gionales fran\u00e7aises et \u00e0 Londres, Bruxelles et Milan. Je rejoins fin 1990, pour trois ans, le Groupe RSCG et Jacques S\u00e9gu\u00e9la. J\u2019ai produit des campagnes institutionnelles \u00e9lectorales en Europe centrale, en France, en Afrique. J\u2019ai \u00e9t\u00e9 tr\u00e8s impliqu\u00e9 dans l\u2019application du Discours de La Baule du Pr\u00e9sident Mitterrand en 1990. A ce titre j\u2019ai d\u00e9velopp\u00e9 le concept de Conf\u00e9rence nationale, \u00e9tats g\u00e9n\u00e9raux du retour \u00e0 la D\u00e9mocratie, au Cameroun, au Gabon, au Congo-Brazzaville, puis au Togo et au Tchad\u2026<\/p>\t\t\t\t\t\t<\/div>\n\t\t\t\t<\/div>\n\t\t\t\t<div class=\"elementor-element elementor-element-3993813 elementor-widget elementor-widget-heading\" data-id=\"3993813\" data-element_type=\"widget\" data-widget_type=\"heading.default\">\n\t\t\t\t<div class=\"elementor-widget-container\">\n\t\t\t<h2 class=\"elementor-heading-title elementor-size-default\">\u00ab Confront\u00e9 \u00e0 ces fortes tensions, j\u2019ai trouv\u00e9 dans ma curiosit\u00e9 pour l\u2019art africain un r\u00e9confort pour sortir indemne des conflits ethniques violents, de guerres civiles et tribales,  de coups d\u2019Etats. Comme un jardin secret pour me r\u00e9parer.\u00bb <\/h2>\t\t<\/div>\n\t\t\t\t<\/div>\n\t\t\t\t<div class=\"elementor-element elementor-element-ff7df10 elementor-widget elementor-widget-text-editor\" data-id=\"ff7df10\" data-element_type=\"widget\" data-widget_type=\"text-editor.default\">\n\t\t\t\t<div class=\"elementor-widget-container\">\n\t\t\t\t\t\t\t<p class=\"p1\">Gr\u00e2ce \u00e0 une connaissance du terrain pendant 40 ans, et une immersion dans les cultures de plusieurs continents. Les tradi-praticiens, les \u00ab f\u00e9ticheurs \u00bb africains m\u2019ont d\u00e9cern\u00e9 un surnom emprunt de respect : Akabaraka. Il est traduit du Fon en Fran\u00e7ais par \u00ab plus noir que charbon \u00bb mani\u00e8re de me reconnaitre une seconde nature proche de la leur.<\/p><p class=\"p1\">Avec passion, j\u2019ai ainsi cr\u00e9\u00e9 quatre galeries :<br \/><em>Premier \u00c9tage<\/em> \u00e0 Marseille (1983-1991, Design, Mode et Photographies), <em>Cardinal<\/em> \u00e0 Paris (1995-2000 Cabinet de Curiosit\u00e9s), <em>Curios<\/em> \u00e0 Brazzaville (1993-1997) ou Lom\u00e9 (2010-2018, plasticiens<br \/>contemporains), <em>Curios<\/em> \u00e0 La Baule depuis 2022, avec mes collections.<\/p><p>J\u2019ai \u00e9galement \u00e9dit\u00e9 de beaux livres sur les Arts d\u00e9coratifs et le Design europ\u00e9en. Publi\u00e9 \u00e9galement dans des news magasines des articles sur le Vaudou, les Sultans du Tchad, les Fr\u00e8res d\u2019Armes africains, etc.<br \/>J\u2019ai co-produit des documentaires sur l\u2019Afrique pour <em>Faut pas R\u00eaver<\/em> ou pour des t\u00e9l\u00e9visions africaines.<\/p>\t\t\t\t\t\t<\/div>\n\t\t\t\t<\/div>\n\t\t\t\t<div class=\"elementor-element elementor-element-6877e85 elementor-align-right elementor-widget elementor-widget-button\" data-id=\"6877e85\" data-element_type=\"widget\" data-widget_type=\"button.default\">\n\t\t\t\t<div class=\"elementor-widget-container\">\n\t\t\t\t\t<div class=\"elementor-button-wrapper\">\n\t\t\t<a class=\"elementor-button elementor-button-link elementor-size-sm\" href=\"\/Contact\">\n\t\t\t\t\t\t<span class=\"elementor-button-content-wrapper\">\n\t\t\t\t\t\t<span class=\"elementor-button-icon elementor-align-icon-right\">\n\t\t\t\t<i aria-hidden=\"true\" class=\"fas fa-angle-right\"><\/i>\t\t\t<\/span>\n\t\t\t\t\t\t<span class=\"elementor-button-text\">Contactez-moi<\/span>\n\t\t<\/span>\n\t\t\t\t\t<\/a>\n\t\t<\/div>\n\t\t\t\t<\/div>\n\t\t\t\t<\/div>\n\t\t\t\t\t<\/div>\n\t\t\t\t<\/div>\n\t\t\t\t<\/div>\n\t\t\t\t\t\t\t<\/div>\n\t\t","protected":false},"excerpt":{"rendered":"<p>Michel Aveline Verbatim d&rsquo;une passion N\u00e9 dans une famille o\u00f9 la Culture et le Voyage comptaient plus que l\u2019argent. J\u2019ai v\u00e9cu enfant en Allemagne, mon adolescence au Maroc et ma vie \u00e9tudiante \u00e0 Paris. Apr\u00e8s avoir cr\u00e9\u00e9 \u00e0 24 ans ma premi\u00e8re entreprise de Conseil en communication \u00e0 Marseille. Mon agence se d\u00e9veloppe ensuite dans [&hellip;]<\/p>\n","protected":false},"author":2,"featured_media":1953,"parent":0,"menu_order":0,"comment_status":"closed","ping_status":"closed","template":"","meta":{"footnotes":""},"class_list":["post-34","page","type-page","status-publish","has-post-thumbnail","hentry"],"yoast_head":"<!-- This site is optimized with the Yoast SEO plugin v21.4 - https:\/\/yoast.com\/wordpress\/plugins\/seo\/ -->\n<title>A propos de Curios<\/title>\n<meta name=\"description\" content=\"A propos de Michel Aveline, collectionneur passionn\u00e9 d&#039;art africain, immergez en Afrique pendant 40 ans\" \/>\n<meta name=\"robots\" content=\"index, follow, max-snippet:-1, max-image-preview:large, max-video-preview:-1\" \/>\n<link rel=\"canonical\" href=\"https:\/\/monaideinformatique.fr\/curios\/a-propos-de-michel-aveline\/\" \/>\n<meta property=\"og:locale\" content=\"fr_FR\" \/>\n<meta property=\"og:type\" content=\"article\" \/>\n<meta property=\"og:title\" content=\"A propos de Curios\" \/>\n<meta property=\"og:description\" content=\"A propos de Michel Aveline, collectionneur passionn\u00e9 d&#039;art africain, immergez en Afrique pendant 40 ans\" \/>\n<meta property=\"og:url\" content=\"https:\/\/monaideinformatique.fr\/curios\/a-propos-de-michel-aveline\/\" \/>\n<meta property=\"og:site_name\" content=\"CURIOS, l&#039;art africain d&#039;aujourd&#039;hui\" \/>\n<meta property=\"article:modified_time\" content=\"2023-11-30T17:55:30+00:00\" \/>\n<meta property=\"og:image\" content=\"https:\/\/monaideinformatique.fr\/curios\/wp-content\/uploads\/2023\/09\/michel-aveline.jpg\" \/>\n\t<meta property=\"og:image:width\" content=\"683\" \/>\n\t<meta property=\"og:image:height\" content=\"800\" \/>\n\t<meta property=\"og:image:type\" content=\"image\/jpeg\" \/>\n<meta name=\"twitter:card\" content=\"summary_large_image\" \/>\n<meta name=\"twitter:label1\" content=\"Dur\u00e9e de lecture estim\u00e9e\" \/>\n\t<meta name=\"twitter:data1\" content=\"2 minutes\" \/>\n<script type=\"application\/ld+json\" class=\"yoast-schema-graph\">{\"@context\":\"https:\/\/schema.org\",\"@graph\":[{\"@type\":\"WebPage\",\"@id\":\"https:\/\/monaideinformatique.fr\/curios\/a-propos-de-michel-aveline\/\",\"url\":\"https:\/\/monaideinformatique.fr\/curios\/a-propos-de-michel-aveline\/\",\"name\":\"A propos de Curios\",\"isPartOf\":{\"@id\":\"https:\/\/monaideinformatique.fr\/curios\/#website\"},\"datePublished\":\"2023-06-28T10:30:21+00:00\",\"dateModified\":\"2023-11-30T17:55:30+00:00\",\"description\":\"A propos de Michel Aveline, collectionneur passionn\u00e9 d'art africain, immergez en Afrique pendant 40 ans\",\"breadcrumb\":{\"@id\":\"https:\/\/monaideinformatique.fr\/curios\/a-propos-de-michel-aveline\/#breadcrumb\"},\"inLanguage\":\"fr-FR\",\"potentialAction\":[{\"@type\":\"ReadAction\",\"target\":[\"https:\/\/monaideinformatique.fr\/curios\/a-propos-de-michel-aveline\/\"]}]},{\"@type\":\"BreadcrumbList\",\"@id\":\"https:\/\/monaideinformatique.fr\/curios\/a-propos-de-michel-aveline\/#breadcrumb\",\"itemListElement\":[{\"@type\":\"ListItem\",\"position\":1,\"name\":\"Accueil\",\"item\":\"https:\/\/monaideinformatique.fr\/curios\/\"},{\"@type\":\"ListItem\",\"position\":2,\"name\":\"\u00c0 propos\"}]},{\"@type\":\"WebSite\",\"@id\":\"https:\/\/monaideinformatique.fr\/curios\/#website\",\"url\":\"https:\/\/monaideinformatique.fr\/curios\/\",\"name\":\"CURIOS, l&#039;art africain d&#039;aujourd&#039;hui\",\"description\":\"Objets d&#039;exception, artistes de talent, immersion dans les origines de l&#039;\u0153uvre : bienvenue dans la galerie Curios.\",\"publisher\":{\"@id\":\"https:\/\/monaideinformatique.fr\/curios\/#organization\"},\"potentialAction\":[{\"@type\":\"SearchAction\",\"target\":{\"@type\":\"EntryPoint\",\"urlTemplate\":\"https:\/\/monaideinformatique.fr\/curios\/?s={search_term_string}\"},\"query-input\":\"required name=search_term_string\"}],\"inLanguage\":\"fr-FR\"},{\"@type\":\"Organization\",\"@id\":\"https:\/\/monaideinformatique.fr\/curios\/#organization\",\"name\":\"CURIOS, l&#039;art africain d&#039;aujourd&#039;hui\",\"url\":\"https:\/\/monaideinformatique.fr\/curios\/\",\"logo\":{\"@type\":\"ImageObject\",\"inLanguage\":\"fr-FR\",\"@id\":\"https:\/\/monaideinformatique.fr\/curios\/#\/schema\/logo\/image\/\",\"url\":\"https:\/\/monaideinformatique.fr\/curios\/wp-content\/uploads\/2023\/07\/logo-curios-simple-1.svg\",\"contentUrl\":\"https:\/\/monaideinformatique.fr\/curios\/wp-content\/uploads\/2023\/07\/logo-curios-simple-1.svg\",\"width\":223,\"height\":81,\"caption\":\"CURIOS, l&#039;art africain d&#039;aujourd&#039;hui\"},\"image\":{\"@id\":\"https:\/\/monaideinformatique.fr\/curios\/#\/schema\/logo\/image\/\"}}]}<\/script>\n<!-- \/ Yoast SEO plugin. -->","yoast_head_json":{"title":"A propos de Curios","description":"A propos de Michel Aveline, collectionneur passionn\u00e9 d'art africain, immergez en Afrique pendant 40 ans","robots":{"index":"index","follow":"follow","max-snippet":"max-snippet:-1","max-image-preview":"max-image-preview:large","max-video-preview":"max-video-preview:-1"},"canonical":"https:\/\/monaideinformatique.fr\/curios\/a-propos-de-michel-aveline\/","og_locale":"fr_FR","og_type":"article","og_title":"A propos de Curios","og_description":"A propos de Michel Aveline, collectionneur passionn\u00e9 d'art africain, immergez en Afrique pendant 40 ans","og_url":"https:\/\/monaideinformatique.fr\/curios\/a-propos-de-michel-aveline\/","og_site_name":"CURIOS, l&#039;art africain d&#039;aujourd&#039;hui","article_modified_time":"2023-11-30T17:55:30+00:00","og_image":[{"width":683,"height":800,"url":"https:\/\/monaideinformatique.fr\/curios\/wp-content\/uploads\/2023\/09\/michel-aveline.jpg","type":"image\/jpeg"}],"twitter_card":"summary_large_image","twitter_misc":{"Dur\u00e9e de lecture estim\u00e9e":"2 minutes"},"schema":{"@context":"https:\/\/schema.org","@graph":[{"@type":"WebPage","@id":"https:\/\/monaideinformatique.fr\/curios\/a-propos-de-michel-aveline\/","url":"https:\/\/monaideinformatique.fr\/curios\/a-propos-de-michel-aveline\/","name":"A propos de Curios","isPartOf":{"@id":"https:\/\/monaideinformatique.fr\/curios\/#website"},"datePublished":"2023-06-28T10:30:21+00:00","dateModified":"2023-11-30T17:55:30+00:00","description":"A propos de Michel Aveline, collectionneur passionn\u00e9 d'art africain, immergez en Afrique pendant 40 ans","breadcrumb":{"@id":"https:\/\/monaideinformatique.fr\/curios\/a-propos-de-michel-aveline\/#breadcrumb"},"inLanguage":"fr-FR","potentialAction":[{"@type":"ReadAction","target":["https:\/\/monaideinformatique.fr\/curios\/a-propos-de-michel-aveline\/"]}]},{"@type":"BreadcrumbList","@id":"https:\/\/monaideinformatique.fr\/curios\/a-propos-de-michel-aveline\/#breadcrumb","itemListElement":[{"@type":"ListItem","position":1,"name":"Accueil","item":"https:\/\/monaideinformatique.fr\/curios\/"},{"@type":"ListItem","position":2,"name":"\u00c0 propos"}]},{"@type":"WebSite","@id":"https:\/\/monaideinformatique.fr\/curios\/#website","url":"https:\/\/monaideinformatique.fr\/curios\/","name":"CURIOS, l&#039;art africain d&#039;aujourd&#039;hui","description":"Objets d&#039;exception, artistes de talent, immersion dans les origines de l&#039;\u0153uvre : bienvenue dans la galerie Curios.","publisher":{"@id":"https:\/\/monaideinformatique.fr\/curios\/#organization"},"potentialAction":[{"@type":"SearchAction","target":{"@type":"EntryPoint","urlTemplate":"https:\/\/monaideinformatique.fr\/curios\/?s={search_term_string}"},"query-input":"required name=search_term_string"}],"inLanguage":"fr-FR"},{"@type":"Organization","@id":"https:\/\/monaideinformatique.fr\/curios\/#organization","name":"CURIOS, l&#039;art africain d&#039;aujourd&#039;hui","url":"https:\/\/monaideinformatique.fr\/curios\/","logo":{"@type":"ImageObject","inLanguage":"fr-FR","@id":"https:\/\/monaideinformatique.fr\/curios\/#\/schema\/logo\/image\/","url":"https:\/\/monaideinformatique.fr\/curios\/wp-content\/uploads\/2023\/07\/logo-curios-simple-1.svg","contentUrl":"https:\/\/monaideinformatique.fr\/curios\/wp-content\/uploads\/2023\/07\/logo-curios-simple-1.svg","width":223,"height":81,"caption":"CURIOS, l&#039;art africain d&#039;aujourd&#039;hui"},"image":{"@id":"https:\/\/monaideinformatique.fr\/curios\/#\/schema\/logo\/image\/"}}]}},"_links":{"self":[{"href":"https:\/\/monaideinformatique.fr\/curios\/wp-json\/wp\/v2\/pages\/34","targetHints":{"allow":["GET"]}}],"collection":[{"href":"https:\/\/monaideinformatique.fr\/curios\/wp-json\/wp\/v2\/pages"}],"about":[{"href":"https:\/\/monaideinformatique.fr\/curios\/wp-json\/wp\/v2\/types\/page"}],"author":[{"embeddable":true,"href":"https:\/\/monaideinformatique.fr\/curios\/wp-json\/wp\/v2\/users\/2"}],"replies":[{"embeddable":true,"href":"https:\/\/monaideinformatique.fr\/curios\/wp-json\/wp\/v2\/comments?post=34"}],"version-history":[{"count":70,"href":"https:\/\/monaideinformatique.fr\/curios\/wp-json\/wp\/v2\/pages\/34\/revisions"}],"predecessor-version":[{"id":7106,"href":"https:\/\/monaideinformatique.fr\/curios\/wp-json\/wp\/v2\/pages\/34\/revisions\/7106"}],"wp:featuredmedia":[{"embeddable":true,"href":"https:\/\/monaideinformatique.fr\/curios\/wp-json\/wp\/v2\/media\/1953"}],"wp:attachment":[{"href":"https:\/\/monaideinformatique.fr\/curios\/wp-json\/wp\/v2\/media?parent=34"}],"curies":[{"name":"wp","href":"https:\/\/api.w.org\/{rel}","templated":true}]}}